
Suppose -4*w + x + 46 = 0, -3*w + x = -3*x - 41. Let g = w + -7. List the prime factors of g.
2
Let i = 2 + -6. List the prime factors of -1 + 12 + (-4)/i.
2, 3
Suppose 4*u - 14 - 187 = -x, 4*u + 3*x = 211. Suppose 5*k + 2*o - 59 = 0, 0*k - o = 4*k - u. List the prime factors of k.
13
Let g be ((-22)/(-6))/((-6)/(-72)). Let q = g + -18. List the prime factors of q.
2, 13
Let l be 3/(-9) - (-14)/6. Suppose u + 7 = 9. Suppose l + 4 = u*x. List the prime factors of x.
3
Let u(b) = b**2 + 4*b - 1. Let x be u(-5). Let y = 4 - x. Let g = 4 + y. What are the prime factors of g?
2
Let r(s) = s**2 + 5*s + 7. Let i be r(-6). Let g(p) = 4*p + 35. Let k be g(-8). Suppose 0 = k*t - i - 8. What are the prime factors of t?
7
Let z = 5 - -3. List the prime factors of z.
2
Let m(j) = -j - 1. Let g be m(5). Let q = g + 7. What are the prime factors of (40/24)/(q/6)?
2, 5
Let r(a) = a**3 - 5*a**2 + 4*a - 4. What are the prime factors of r(5)?
2
Let u(y) = 9*y + 2. List the prime factors of u(2).
2, 5
Let f be 0 - 1/((-2)/8). Suppose -f*o = -j + 2 + 3, 5*o + 3*j - 15 = 0. Suppose o = 4*v - 11 - 41. List the prime factors of v.
13
Let n(c) = -3*c - 10. List the prime factors of n(-12).
2, 13
Let l be 0*(-1)/(-3) + 0. Suppose 0 = t - 4*t + 5*f + 22, -2*t + 4*f + 14 = 0. Suppose -2*x - 2*z + 4 + 0 = l, t = -3*z. What are the prime factors of x?
5
Let o(j) = 0*j + 2*j - 6*j + 2*j**2. What are the prime factors of o(4)?
2
Let t(y) = -4*y + 0 + 4 + 6*y. Let l be t(-5). List the prime factors of (-1)/(9/l + 1).
2
What are the prime factors of (-6)/(-8) - 405/(-20)?
3, 7
Suppose 4*y - 16 = 8*y. Let i(n) = n**3 - 7*n**2 + 9*n - 8. Let x be i(6). Let o = x + y. List the prime factors of o.
2, 3
Let s(k) = k**3 + 7*k**2 - k - 4. Let t be s(-7). Suppose -14 + 2 = -4*q. Suppose -t*d - 2*d + 61 = 3*p, -q*d + 36 = 2*p. List the prime factors of d.
2, 7
Let a(u) = u**2 + 3. Let n be a(0). Suppose -7*g = -n*g - 108. List the prime factors of g.
3
Let i be ((1 + -2)*0)/(-2). Suppose 0 = -q - 2*q + 9, n - q - 13 = i. List the prime factors of n.
2
Let y(w) = 2*w**2 - 1 - 3*w**2 + 3*w**2 + 12*w**3. Let k be y(1). Let v = k + -1. List the prime factors of v.
2, 3
Suppose -2*v = -0*v - 6. Suppose -o + v*o - 12 = 0. What are the prime factors of (12/8)/(o/80)?
2, 5
Let t = 15 + 122. What are the prime factors of t?
137
Suppose 0 = 4*s - r - 50, 4*s + 0*r - 44 = 4*r. List the prime factors of s.
13
Suppose 10 = 4*j + j. List the prime factors of j.
2
Let u = 594 - 301. What are the prime factors of u?
293
Let y(m) = 14*m + 1. Let c be y(3). Let n = c - 24. What are the prime factors of n?
19
Let m(w) = -3*w**3 - w**2 + w + 1. Let g be m(-1). Suppose 0 = g*q + 5*b - 33 - 15, 3*q - 65 = -4*b. List the prime factors of q.
19
Suppose 0*k - k + 61 = 0. Let n = 91 - k. What are the prime factors of n?
2, 3, 5
Suppose 5*k + 110 = 5*q, 2*q - 72 = 3*k - 25. Let b = q - 11. Suppose -8 = -2*d + b. What are the prime factors of d?
2
Let h = 75 - 47. List the prime factors of h.
2, 7
Let c(r) = r**2 + 5*r + 3. Let k be c(-6). Let h = -5 + k. Suppose h = -2*f + 22. List the prime factors of f.
3
Let p(j) = j**2 + 13*j - 3. Suppose x = -2*h - 28, -x + 47 = -4*h + h. List the prime factors of p(h).
3
Suppose 2*n - 1 = 1. Let p = 2 - n. List the prime factors of (-9)/p*3/(-9).
3
Let w(z) = z**2 + 6*z - 2. Let j be w(-6). What are the prime factors of 3/(j*(-3)/30)?
3, 5
Let k be 1 + (-3)/(6/(-10)). Suppose 5*h - 4*h = k. What are the prime factors of h?
2, 3
Let f be -2 + 3 + -1 + 1. Suppose 2*o - 11 = f. Let y(h) = -h**2 + 8*h - 2. List the prime factors of y(o).
2, 5
Let o be (4 - 4) + (3 - -2). Suppose 2*b - o = 5. List the prime factors of b.
5
Let f(i) = -6*i**2 - 15*i - 8. Let c(s) = -3*s**2 - 7*s - 4. Let v(b) = -5*c(b) + 2*f(b). List the prime factors of v(-3).
2
Suppose 4*h = -v + h + 14, 2*h - 2 = 3*v. Let k be 1 - 1 - v/1. Let z = 8 + k. List the prime factors of z.
2, 3
Let r(f) = -8 + 1 + 6 - f**2 - 2*f - 2*f**3. Suppose 4*v = -3*o + o - 2, -4*v - 20 = -4*o. List the prime factors of r(v).
3, 5
Let u = 22 - 16. What are the prime factors of 12*(20/u - 2)?
2
Suppose 0 = -o - 3*f - 6 - 20, -2*f = 6. List the prime factors of ((o - -1)/(-2))/1.
2
Let x be 2/5 + (-114)/10. Suppose n = -n - 4*m - 14, m - 35 = 5*n. Let l = n - x. What are the prime factors of l?
2
Suppose r - 24 = -3*z, 3*z - 3*r = 2*z + 8. Suppose 24 - z = m. What are the prime factors of m?
2
Let u(d) = -6*d**3 + d**2 - 1. Let m be u(-1). Suppose 3*f = 5*f + 6. List the prime factors of 38/m - 2/f.
7
Suppose -4*m + 4 = -244. What are the prime factors of m?
2, 31
Let u = -5 + 4. Let z be (-2 - -3) + u + 0. Suppose -2*b + 2 + 4 = z. List the prime factors of b.
3
Suppose -360 = -4*x - w, -x - 3*w + 2*w = -93. List the prime factors of x.
89
Let d be 94*(-2 + 1)/(-2). Suppose -d = -4*l + 4*t + 69, 2*t = 3*l - 87. Let h = -18 + l. List the prime factors of h.
11
Let i = 461 - 313. What are the prime factors of i?
2, 37
Let b(g) be the third derivative of -g**6/120 - g**5/10 - 3*g**4/8 - g**3/2 + 4*g**2. Let m be b(-6). What are the prime factors of m/2*(-2)/(-3)?
17
Let d be 1/2 - (-12)/8. Suppose -3*h + d*z + 46 = -0*z, 3*z = -4*h + 33. List the prime factors of h.
2, 3
Let h = 3 - 0. Suppose h*d + 0*o = -2*o + 67, d - 5*o = -6. What are the prime factors of d?
19
Suppose 3*d + 6 = d. List the prime factors of (1 - d)*15/6.
2, 5
Let v = -2 + 6. Suppose x - 30 = 3*n, -v*x + 2*n + 87 + 13 = 0. Suppose 6*j = 2*j - 3*b + x, -11 = -j - 2*b. List the prime factors of j.
3
What are the prime factors of (5/(-2) + 2)*-38?
19
Let l(r) = 3*r**3 + r**2 - 2*r. Let k(x) = 13*x**3 + 5*x**2 - 9*x - 1. Let c(j) = -2*k(j) + 9*l(j). Suppose -9*i + 13*i = 0. List the prime factors of c(i).
2
Let h be (-40)/(-3)*18/(-15). List the prime factors of (-4)/h - (-11)/4.
3
Suppose 0 = 4*p + 7 + 1. Suppose -2*m - 2*r = -0*r - 4, -m + 22 = -4*r. What are the prime factors of (m/7)/(p/(-42))?
2, 3
Let j = -84 - -119. What are the prime factors of j?
5, 7
Suppose z - 33 = -5*g - 1, 4*g - 30 = -z. Let t = z - 13. List the prime factors of t.
3
Let m = -22 - -33. What are the prime factors of m?
11
Let j be 1/(-3*(-3)/27). Suppose 0 = -4*c + j + 9. List the prime factors of c.
3
Let n(a) = -a**2 + 11*a - 8. Let m be n(10). Suppose -3*s - 5*p = -39, 39 = m*s - p - 0*p. List the prime factors of s.
2, 3
Let w(q) = -7*q - 2. Let o be w(-1). Suppose -47 = -3*v + 2*u, 0 = -3*v - 2*v - o*u + 70. What are the prime factors of v?
3, 5
Suppose 4*i - 9 = -1. Suppose 0 = -i*j - 1 + 5. Suppose 3*u + 29 = 4*o + j*u, 8 = 3*o + 2*u. What are the prime factors of o?
2, 3
Suppose 3 = 2*z - 251. What are the prime factors of z?
127
Suppose -3*s + 18 = 4*d, -3 = -s - 2*d + 3. List the prime factors of s.
2, 3
Let l be -18 + 5 - 0/1. Suppose -3*d = 2*w - 0*d + 5, -3*w - 16 = -4*d. Let i = w - l. List the prime factors of i.
3
What are the prime factors of (-354)/3*3/(-6)?
59
Suppose p = -2*w - 22, -2*w - 34 = -2*p + 6*p. Let s = w - -17. Suppose 4*h + s = -2*y, -y + 11 = -3*h - 5. List the prime factors of y.
2
Let b = 2 - -3. Suppose 2*q + 3*x = 4*x - 6, b*q + 24 = -2*x. Let g(d) = -d**2 - 5*d + 2. List the prime factors of g(q).
2, 3
Let j = 6 - 4. Suppose -2*t + 5*x + 79 = 0, 0 = j*t + 2*t - 3*x - 137. Suppose 5*i - t = 4*b, b - 28 = -4*i + 6. List the prime factors of i.
2
Suppose 0*k + 23 = k. What are the prime factors of k?
23
Let j(o) = o**2 - 6*o - 3. Let k be j(7). Suppose -s + 2*c = c - 27, 5*c + 111 = k*s. List the prime factors of s.
2, 3
Let w(y) = -39*y - 30*y**2 + 34*y**2 + y**3 - 3 + 36*y. Let c(g) = -g**3 + 5*g**2 - 4*g - 3. Let z be c(4). List the prime factors of w(z).
3, 5
Suppose 0 = -3*k + 4*a - 11 - 81, -k - 29 = -a. Let d = -14 - k. What are the prime factors of d?
2, 5
Suppose -v = 2*v + 3*r - 60, -115 = -5*v - 2*r. List the prime factors of v.
5
Suppose 0 = -2*m + 5*m - 4*z - 35, 5*m - 53 = 4*z. Let p = 33 - 38. Let i = m + p. What are the prime factors of i?
2
Let z = -367 + 557. What are the prime factors of z?
2, 5, 19
Let z = 88 - 50. List the prime factors of z.
2, 19
Let u be 4/10 - (-115)/25. Let y(z) = 4*z + 12. List the prime factors of y(u).
2
Let u(g) = -4*g**2 + 2*g + 4. Let s = -4 - -3. Let i(k) = k**2 + 1. Let p(q) = s*u(q) - 3*i(q). L